+ 3*n - 5. Suppose 4*z = 26 + 22. Let x = z + -17. What is j(x)?
5
Let z be 195/273 + (-2)/(-7). Let q(s) = -15*s**2 - s + 1. What is q(z)?
-15
Let o(x) = 486*x**2 + 486*x**2 - 9*x - 3 - 971*x**2. What is o(10)?
7
Let m(c) be the first derivative of -c**3/3 + 6*c**2 - 2*c - 9. Let x be m(12). Let d(v) = v**3 - 4*v - 3. What is d(x)?
-3
Let l(m) = -5*m**3 + 37*m**2 + 17*m + 37. Let v(k) = k**3 - 9*k**2 - 4*k - 9. Let w(a) = -2*l(a) - 9*v(a). Let r = 205 - 212. Determine w(r).
-7
Let i(d) = d**2 - 6*d + 1. Let l be 4 + (-2)/1 - -2. Give i(l).
-7
Let v(y) = -y + 13. Let i(u) = u - 12. Let z(m) = 4*i(m) + 3*v(m). Give z(0).
-9
Let f(w) = 2*w - 1. Let v(o) = -2*o - 2. Let l be v(-2). Give f(l).
3
Suppose 4*q - 9 = 7*q. Let o(g) be the first derivative of g**3/3 + g**2/2 + 4*g + 7. Determine o(q).
10
Let r(g) = -g**2 - 5*g + 5. Suppose 4*b + 5*u = -27 - 13, -2*b = -4*u - 6. Determine r(b).
5
Let q(y) be the third derivative of y**4/12 - 5*y**3/6 + 35*y**2. Give q(-4).
-13
Let h be 0/((-3 + -1)/(-2)). Suppose 5*k = 5*f - h*k + 10, -3*f + k = 14. Let j(d) = -d**2 - 6*d - 3. What is j(f)?
-3
Suppose 4*c + 24 = -g, 0*c = -c + 5*g - 6. Let p(h) be the first derivative of h**3/3 + 7*h**2/2 + 2*h - 3. Give p(c).
-4
Let g(q) be the third derivative of -q**6/120 + q**5/30 - q**4/24 - 2*q**2. Determine g(1).
0
Let j(n) be the first derivative of -n**3 + 7. Determine j(1).
-3
Let i(w) = 2*w**3 - 3*w**2 + w - 1. Let b be i(2). Let d(r) = -22*r + 32. Let y(m) = 9*m - 13. Let v(n) = 5*d(n) + 12*y(n). Determine v(b).
-6
Let i(j) be the third derivative of 1/3*j**3 - 1/120*j**5 + 3*j**2 + 0 - 1/8*j**4 + 0*j. Let k(m) be the first derivative of i(m). Determine k(5).
-8
Let y(w) = 7*w**2 + 5*w + 9. Let u(n) = -11*n**2 - 8*n - 14. Let r(j) = 5*u(j) + 8*y(j). Suppose -f + 0 = 2. What is r(f)?
6
Let x(i) = -i**2 + 6*i - 4. Let s = -9 + 14. Calculate x(s).
1
Suppose -4*r + 44 = -0*r - 2*p, 4*r = -5*p + 16. Let a(u) = -u + 7. What is a(r)?
-2
Suppose -72*v + 75*v + 9 = 0. Let s(t) = -t**3 - t**2 + 4*t - 1. Give s(v).
5
Suppose 24 = -4*n + 4*c, -18 = 4*n - c + 3*c. Let a(x) = -2*x + 6. Determine a(n).
16
Let c(a) = 2*a - 3. Let k be c(3). Let w(o) be the second derivative of 2/3*o**k - 2*o - 1/12*o**4 + o**2 + 0. Give w(5).
-3
Let b(s) = -4*s - 16. Let o(i) = -i - 3. Let a(j) = b(j) - 5*o(j). Suppose 0*l - 4 = 2*n + l, -3*l - 2 = -4*n. Determine a(n).
-2
Let x(z) = -z**2 + 6*z - 1. Suppose 0*b = -9*b + 63. Determine x(b).
-8
Let n(z) = -z. Let d be (-2)/(-7) + 110/7. Suppose 4 + d = 4*c. Calculate n(c).
-5
Let u(o) = o + 1. Let i be u(3). Suppose -10 = -i*w + 2*g, -w - 4*g + 7 = -3*g. Let s(v) = 3 - w*v**2 + v**3 - 3 + 2*v + 1. Determine s(3).
-2
Let v(s) = s + 14. Let n be v(-12). Suppose -n = p - 0*p, 2*g - 4 = 4*p. Let f(m) = -2*m**3 - 2*m**2 - m - 1. Calculate f(g).
9
Suppose 8*y - 45 = 3*y. Let b = y - 8. Suppose -8 = i - 2*q, 4*i - 4*q + 17 = b. Let f(g) = -g + 4. Determine f(i).
4
Suppose -3*o + 0*o = 0. Let z = -3 + 1. Let b be (z - o) + (3 - 1). Let j(y) = y**2 - y + 2. What is j(b)?
2
Let y(f) be the second derivative of -f**4/12 + f**3/6 - 3*f**2 + 9*f. Determine y(0).
-6
Let g(l) be the second derivative of -l**2 + 1/20*l**5 + 0*l**4 + 1/6*l**3 + 0 + 3*l. Calculate g(0).
-2
Suppose 79 = -4*t - 5. Let j = -16 - t. Let c(r) = 1 - 5 + 2 + r. Calculate c(j).
3
Let i(h) be the second derivative of h**3/6 - 5*h**2 + 2*h. Let t be i(7). Let m(v) = -2*v + 0*v**2 + 4 + v**2 + 7*v. Determine m(t).
-2
Let r(i) = -i + 6. Let t = 12 + 3. Let q = 15 - t. Give r(q).
6
Let y(q) = -q**3 - 2*q - 2*q**3 - 2 + q**3 - 5*q**2 + q**3. Give y(-4).
-10
Let r(f) = 13*f + 17. Let i(n) = -3*n - 4. Let a(y) = -9*i(y) - 2*r(y). Determine a(7).
9
Let p(h) = -11*h**2 + 2*h + 7. Let y(z) = -5*z**2 + z + 3. Let v(r) = 3*p(r) - 7*y(r). Determine v(1).
1
Let v(o) = -2 - 6*o**2 + 143*o + o**3 - 143*o. Calculate v(6).
-2
Let g be ((-2)/(-5))/((-1)/(-5)). Let d(p) = p**3 - 5*p**2 + 3*p**2 - 4*p + 3 + 3*p**g. Give d(2).
7
Let u(d) = 2*d - 2. Let f(c) = -6*c + 6. Let m(t) = -2*f(t) - 7*u(t). Give m(4).
-6
Let y be 3/1 - (3 - 3). Let o(v) = v**3 - 2*v**2 - 2*v + 2. What is o(y)?
5
Suppose -4 + 0 = 4*l. Let y be (l - 0) + -2 + -2. Let a(u) = u - 5. Give a(y).
-10
Let o(x) = -2*x - 22 - 14 + 37. Determine o(3).
-5
Let a(f) = -f**2 + f + 1. Let y(i) = 3*i**2 - 6*i - 4. Let u(o) = 6*a(o) + y(o). What is u(3)?
-25
Let v = -4 - -3. Let f(i) = 2*i**3 + i + 0*i**3 + 0*i**3 - 3*i**3. Give f(v).
0
Suppose -14 = -2*u - 2*t, 5*t = -3*u + 4*u + 17. Let k(z) = z**3 - 4*z**2 + 4*z - 1. Determine k(u).
2
Let q(i) = i**3 - 2*i**2 - 2*i + 2. Suppose s + 18 - 6 = -4*o, -16 = o - 3*s. Let a = o + 6. Determine q(a).
-2
Let u(o) = o**3 - 4*o**2 - 4. Suppose 2*h - 2 = 2*c - 0*h, h - 13 = -2*c. Let z = c - 0. Determine u(z).
-4
Let y(t) = -t**2 - 3*t + 4. Let z be y(-3). Let n(v) be the third derivative of 0*v - v**2 + 1/8*v**4 + 0 - 1/60*v**5 - 1/6*v**3. Calculate n(z).
-5
Let q(c) = -c**3 + c**2 - 2*c - 1. Let a(k) = -2*k**3 + k**2 - 4*k - 2. Let l(f) = -3*a(f) + 5*q(f). Give l(-1).
0
Let j(l) = 4*l**2 - l. Suppose 0 = 5*b - g - 2*g - 20, b - 4*g = 4. Suppose p - 3 + 4 = -4*f, -4*p - b = 2*f. What is j(p)?
5
Let x(i) = i**3 - 2*i**2 - i + 2. Let q(w) = 5*w**3 - 7*w**2 - 4*w + 9. Let l(n) = 2*q(n) - 9*x(n). Determine l(-3).
6
Let j(m) = m + m - 7*m + 0*m. Let w(y) = y**2 + 4*y - 3. Let d be w(-5). Suppose -d*v + 3 - 1 = 0. Determine j(v).
-5
Let q(h) = h - 2. Let n(v) = v**2 + 7*v + 2. Let t be n(-7). Suppose -t*s = -2 + 12. Calculate q(s).
-7
Let j(u) be the third derivative of -1/2*u**3 + 3*u**2 - 1/120*u**5 - 1/8*u**4 + 0 + 0*u. Let r(v) be the first derivative of j(v). Give r(-5).
2
Let y = 12 + -9. Suppose -5*h + 7 = -y. Let g(l) = -l**2 + 0 + 0*l**h - 4 + 6*l. What is g(6)?
-4
Suppose 3*j = -2*g + 13, 5*g - j - 16 - 8 = 0. Suppose g*i = 3*i + 4. Let s(h) = -h**3 - 4*h**i - 2 + 4 + 0. Give s(-4).
2
Let h(j) = j**2 - 5*j + 3. Let c(i) = -i**2 - i + 4. Let r(n) = 7*n + 2*n**2 - 6 - n**3 - 3*n**2 + 6*n**2. Let y be r(6). Let p be c(y). Give h(p).
-1
Let v = 7 - 5. Suppose -v*w = -0*w + 2. Let u(f) = 5*f**2 + 3*f + 3. Let r(p) = p**3 - 4*p**2 - 2*p - 2. Let j(l) = 4*r(l) + 3*u(l). Calculate j(w).
-5
Let f(d) be the second derivative of -d**5/20 + d**4/12 + d**2/2 + 26*d. Give f(2).
-3
Let f(s) be the first derivative of -s**3/3 + 7*s**2/2 - 4*s + 2. Determine f(6).
2
Let x(o) = 2 + 2*o - 7*o + 0. Suppose 0*v - 28 = -4*v. Suppose -4*p + v = -1. Calculate x(p).
-8
Let t be 6/2 + (-1)/1. Let c(k) = 2*k**2 - k. What is c(t)?
6
Let u(a) = -a**2 - 6*a + 7. Let d be u(-8). Let h be 1*d/3*-1. Let x(o) be the third derivative of o**4/12 + o**3/6 - o**2. Determine x(h).
7
Let d = -28 + 15. Let q(m) = 11*m**3 - 23*m**2 + 10*m - 3. Let c(b) = -5*b**3 + 11*b**2 - 5*b + 1. Let y(w) = d*c(w) - 6*q(w). Determine y(-6).
11
Let h(l) = -l**3 + 3*l + 2. Suppose -6*u = -7*u + 4, -4*u = 4*a - 8. Calculate h(a).
4
Let g(z) = 7*z**2 + 2*z + 7 + 5*z**3 - 9*z - 6*z**3. Determine g(6).
1
Let n(t) be the third derivative of -t**6/120 + t**3/2 - 12*t**2. Calculate n(0).
3
Let l = 18 - 12. Let v(h) = h**2 + h. Let d(k) = k**3 - 9*k**2 + 5*k - 4. Let q(f) = d(f) + 2*v(f). Give q(l).
2
Let g(s) = -3*s**2 - s - 4. Let y(v) = -4*v**2 - 3*v - 10. Let o(d) = -3*d**2 - 2*d - 7. Let z(q) = -7*o(q) + 5*y(q). Let p(n) = -g(n) - 4*z(n). What is p(6)?
2
Let r(l) = -4*l + 4*l - 3*l + 5 + 2*l. What is r(3)?
2
Suppose 2*m + 3 = -z, 4*m + 14 = 2. Let r(g) = -g**2 - 3*g**3 + 0*g**3 - g**3 + 0*g**z - g. Determine r(-1).
4
Let o be (8 - 8)*(14/(-8))/7. Let u be (-4)/(-5)*(-5)/(-2). Let j(n) = 0 + n + 2*n**u + 5 + n**3 - 3*n**2. Give j(o).
5
Let o(c) = -13*c - 5*c - 2 + 20*c + c**3 + 5*c**2. Determine o(-3).
10
Let m(p) be the second derivative of -p**4/12 + p**3/3 + 2*p**2 + 3*p. Determine m(3).
1
Let n(b) = 14*b**3 + b**2 - 2*b - 3. Let x(v) = -29*v**3 - 3*v**2 + 5*v + 7. Let t(w) = 7*n(w) + 3*x(w). Let f(j) = -3*j - 14. Let m be f(-5). Calculate t(m).
10
Let g(k) = 5*k - 1. Let d be g(2). Suppose -5*t = -d - 6. Let v(c) = -4 + 8*c + 4 - t*c. What is v(2)?
10
Let j(y) = -y - 2. Let n(u) = -3*u - 18. Let m be n(-7). Give j(m).
-5
Let j(k) be the second derivative of -k**5/20 - 5*k**4/12 - k**3/2 + 2*k**2 - k - 4. Let o(b) = b - 7. Let r be o(4). Determine j(r).
-5
Le